 Suppose 13 = x - 3*v, -5*x + v = -3*v - 32. Let c(d) = -17*d + 61. Let n be c(x). Calculate u(n).
-9
Let d(q) = -2*q - 12. Suppose 0 = -3*f - 2*o + 17, -16*f + o + 8 = -12*f. Suppose -t - 3 = -j, f*t - 6*t + j = 19. Determine d(t).
4
Let w = -61 - -68. Let u be (0/w)/(0 + 4/(-2)). Let g(o) = o - 1. Let t(f) = -6*f - 17. Let a(z) = 5*g(z) + t(z). Give a(u).
-22
Let s(v) = -3*v**2 - 32*v + 11. Let p(i) = -5*i**2 - 57*i + 20. Let x(d) = 4*p(d) - 7*s(d). Suppose -4*h - 5 = h. Let z = h + 3. Calculate x(z).
-1
Let a(l) be the first derivative of -4*l**2 + 30 - l + 11*l**2 + 0*l - 4*l**2. What is a(2)?
11
Let j(p) = p**2 + 2*p. Let l(u) = -3*u**2 - 2*u - 1. Let q be l(-6). Let w = q + 101. Suppose 0*v = w*x + 3*v + 4, -x + 16 = 5*v. Determine j(x).
8
Suppose w + 33 - 38 = 0, 4*y = -4*w + 20. Let m(s) be the second derivative of -1/12*s**4 + 0 + 19*s - 3/20*s**5 - 1/3*s**3 + y*s**2. Give m(-2).
24
Let c(q) = q**2 + 17*q + 26. Let t be c(-17). Let p = 29 - t. Suppose -8 = -p*o + o. Let d(j) = 3*j. Calculate d(o).
12
Suppose 2*b + 10 = 3*c, -4*b - 4*c - 11 = 9. Let k(x) = -3*x - 19*x**2 - 1 - 2*x + 17*x**2 - 2. What is k(b)?
-28
Suppose 19*y = 10*y + 18. Let q(s) = -y + 3 - 38*s + 72*s - 33*s. Determine q(1).
2
Let n(o) = -5*o**2 + 2*o + 1. Let b be 15/(-4)*704/264. Let g(u) = u + 8. Let d be g(7). Let h be (b/d)/((-4)/(-6)). Calculate n(h).
-6
Let g be (-5)/(-2) + (-1)/2. Let x(i) = 3*i**3 - 17*i**2 - 4*i + 10. Let y(p) = 2*p**3 - 11*p**2 - 2*p + 6. Let d(o) = 5*x(o) - 8*y(o). Calculate d(g).
-2
Let i(q) be the third derivative of 5*q**4/24 + 2*q**3/3 - 4*q**2. Let d be i(-2). Let a(p) be the first derivative of p**2 + 3*p - 26. What is a(d)?
-9
Let b(a) = -3*a - 8. Let y = -105 - -87. Let m be -2*15/y*(-1 + -2). What is b(m)?
7
Let p(j) be the third derivative of 19*j**4/24 - 1604*j**2. Determine p(-1).
-19
Let c = 3233 - 3235. Let f(n) = -2*n**2 - 2*n - 3. Determine f(c).
-7
Let t(m) = -2*m + 5*m - 4*m + 8. Let q be (-3 + 36/8)*212/(-2). Let y = q - -165. What is t(y)?
2
Let j(l) = -l + 3. Suppose 5*f = -3*i + 25, -11*i + 6*i = -5*f - 15. Suppose -i*m - 1 = c, -3*c + 14 = c + 2*m. What is j(c)?
-1
Let f(n) be the third derivative of 2 + 0*n - 105*n**2 - 1/2*n**4 - 11/60*n**5 - 1/120*n**6 - 7/3*n**3. Let v(u) = -u**2 + u - 10. Let o be v(0). Give f(o).
6
Let w(d) = 3*d**2 - 8*d + 7. Let y(i) = 4*i**2 - 9*i + 7. Suppose 12 = -14*q + 40. Let n(k) = q*y(k) - 3*w(k). Calculate n(3).
2
Let u(d) be the first derivative of d**4/4 - 2*d**3/3 - d**2 - 9*d - 2003. What is u(0)?
-9
Let b(y) = 4*y - 50. Suppose 2 = 2*o, -53 = -4*c - 18*o + 17*o. Calculate b(c).
2
Suppose 97*t + 621 = 28*t. Let c(z) = z**2 + 5*z - 46. Give c(t).
-10
Let j(h) = -h**2 - h - 10. Suppose 34 = 37*r - 35*r. Let l = -12 + r. Suppose -5*o - 3*x = 6, -l*o + 8 = -5*x + x. What is j(o)?
-10
Let b(s) = -s**3 - 6*s**2 - 4. Let m = 212 + -202. Let j be (-20)/30*(m - 1). Calculate b(j).
-4
Suppose -2*k = -2, -7*w + k = -2*w - 154. Let y(t) = 30*t - 7 - 62*t + w*t. Let m be y(-7). Let b(x) = x - 5. Calculate b(m).
-5
Let p(k) = 3*k - 4. Let h(c) = c + 7. Let o be ((9/(-2))/3)/((-42)/(-56)). Let a be -4*6/8 + 2/o. Let z be h(a). Determine p(z).
5
Let m(j) = -j**2 + 4*j + 8. Let u(z) = z**2 + z - 7. Let c be u(-5). Let n(b) = b**2 - 11*b - 17. Let v be n(c). Let w be 8 - 0 - (11 - v). Give m(w).
-4
Suppose -8*d = -416 + 480. Let u(a) = -a**2 - a + 44. Calculate u(d).
-12
Let t(a) = a**2 + 4*a + 3. Let i(q) = 1275*q**2 - 638*q**2 - 4*q - 633*q**2. Let v be i(5). Let h = v + -82. Determine t(h).
-1
Let v(m) = -m**3 + 11*m**2 + 4*m - 33. Let g = 9998 - 9987. Determine v(g).
11
Let g be (-44)/242 - (159/11)/3. Let x(f) be the third derivative of f**5/60 + f**4/6 - f**3 + 31*f**2. What is x(g)?
-1
Let v(g) = -g**3 + 8*g**2 - 16*g + 1. Suppose -4*k - 5*s + 32 = 0, 548*s = -5*k + 544*s + 31. Determine v(k).
-2
Let g = -27 - -29. Let f(v) = 14*v**2 - 15 + 11*v + 37 - 4*v**g - 18 + v**3. Let l be (18/(-12))/(1/6). Determine f(l).
-14
Suppose 0 = -u + 4, 0 = -0*l + 3*l - 4*u + 40. Let d(j) = j**2 + 11*j + 31. Let v be d(l). Let p(w) = w**2 - 3*w - 7. What is p(v)?
21
Suppose -1221 = -5*r + 2*v, 0 = -3*r + 8*r - v - 1218. Suppose -r*y = -242*y - 6. Let a(i) = -2*i - 1 + 2 + i. Give a(y).
-5
Let y(x) = -6*x + 4. Let p be (-10)/(-45) - 25/(-9). Let f(q) = q**2 - 4*q. Let m be f(p). Give y(m).
22
Let t(l) = -2*l - 8. Let r be t(-5). Let m(b) = r + 0 - 9*b + 9*b + b**2 + 6 - 7*b. Give m(4).
-4
Let a(y) = 7*y**2 + y + 11. Let l(q) = 13*q**2 + 3*q + 21. Let f(v) = 11*a(v) - 6*l(v). Determine f(-4).
7
Let l(y) = y**3 - 11*y**2 - 11*y - 10. Let n be l(12). Suppose -n*b = -4 + 4. Let p be ((-1)/(-3) - b) + 112/(-21). Let w(v) = v - 7. Give w(p).
-12
Let z(h) = -h**3 + 2*h**2 - h + 2. Let u(k) = 19*k**3 - 46*k**2 + 16*k - 19. Let b(n) = u(n) + 18*z(n). Calculate b(5).
-118
Suppose 0*s + 2*g - 4 = s, s + 4*g - 8 = 0. Let b(d) be the first derivative of -13 + 1/3*d**3 - 3*d - 1/2*d**2. Determine b(s).
-3
Let i(p) = -2*p - 12. Let v(n) = -n**3 - 6*n**2 + 4*n - 19. Let f be v(-7). Suppose -3*k - 3*x = 21, -1 = -f*x + 3. Give i(k).
6
Let d(s) = 2*s - 27. Let r = -3088 - -3100. What is d(r)?
-3
Let k(w) = -w + 10. Let i be ((-2)/(-4))/(28/504). Suppose v + 3 = 0, 3*v = 8*y - 3*y - i. Calculate k(y).
10
Let n(v) = -v**2 + 15*v + 66. Let a be n(22). Let k be (-44)/154 - a/14. Let j(z) = z**2 - 8*z + 12. What is j(k)?
0
Let z(w) = -37*w + 102*w - 38*w + 109 + w**2. Calculate z(-22).
-1
Let t(q) be the third derivative of q**5/60 - 19*q**4/24 + 65*q**3/6 - 21*q**2 - 3. Give t(12).
-19
Let r(y) = 2*y**2 + 47*y + 60. Let t(z) = -12*z**2 - 237*z - 309. Let b(q) = 21*r(q) + 4*t(q). Calculate b(7).
3
Let f = -93 + 141. Let d be (2 - f/20)/(1/(-10)). Let z(j) = -9*j - d*j - 7 - 1 + 9. Give z(1).
-12
Let m(y) = -y**2 - 7*y - 1. Suppose -4*a + 10 + 9 = -5*l, 4 = -5*a - 3*l. Let h be a + (-12)/14 - 144/28. What is m(h)?
9
Let n(b) = b**3 - 23*b**2 + 51*b - 4. Let y(h) = 2*h**3 - 44*h**2 + 98*h - 9. Let u(q) = 11*n(q) - 6*y(q). Give u(8).
-14
Let l be (10/16)/((-3960)/(-1056)). Let r(k) be the second derivative of -1/12*k**4 + 26*k + 0 + 1/2*k**2 - l*k**3. What is r(3)?
-11
Suppose 0 = 25*s - 26*s + 4. Suppose -s*d + 23 = 15. Let p(u) = -2*u + 5. Give p(d).
1
Let c(s) be the first derivative of -5*s**2/2 + 21*s - 90. Calculate c(-14).
91
Let q(a) = -16*a + 13*a**2 - 4 - 20 + 4 + a**3. Let v = 220088 - 220102. Give q(v).
8
Let k = -63 - -97. Let d = 48 - k. Suppose -40 = -5*z + 2*i - d, -2*i = 3*z - 6. Let a(b) = b**3 - 3*b**2 - 4*b + 6. Give a(z).
6
Let r(t) = -25 - 4*t + 0*t + 4*t - t. Let x be r(-22). Let a(q) be the second derivative of -7*q**3/6 - q**2 - q. Determine a(x).
19
Let a be -4*(-3 - (-15)/4). Let w(k) be the third derivative of -k**4/6 - 13*k**3/6 + 202*k**2. Let z be w(a). Let h(q) = 12*q**2. Give h(z).
12
Let j = 2738 + -2734. Let y(v) = v**3 + 4*v**2 - 6*v - 5. Let g be y(-5). Suppose j*d + d + 15 = g. Let q(k) = k**3 + 3*k**2 - 2*k - 3. What is q(d)?
3
Let j = 7543 - 7548. Let f(l) = 3*l**2 + 21*l - 2. Let a(r) = -r**2 - 7*r + 1. Let t(s) = 17*a(s) + 6*f(s). Give t(j).
-5
Let h(m) = -3*m - 3 + m**2 - 1 - 1 + 6. Suppose -30*j + 672 = -37*j. Let a be 2 - j/(-52) - (-456)/78. Give h(a).
19
Let m(o) be the first derivative of o**4/4 - 4*o**3/3 - 5*o**2/2 - 2*o + 3. Let b(t) = t**3 + 12*t**2 + 24*t - 22. Let p be b(-9). Determine m(p).
-2
Suppose 5*r - 8 = -23, r - 42 = -5*g. Let q(c) = 9 + c - g + 0. What is q(-5)?
-5
Let c(k) = -5*k - 13. Let n(g) = -14*g - 40. Let w = -356 - -350. Let i(u) = w*n(u) + 17*c(u). What is i(9)?
10
Let b(v) = -5*v**3 - v**2 + v + 2. Let f be b(-1). Let t(x) = -205*x + 0 - 7 + 203*x. Give t(f).
-17
Let k be (2 + 0)/(-6*(-7)/84). Suppose -5 = k*c - 13. Let l(u) = 8*u - c - 2 + u**2 + 2 - 3*u. What is l(-7)?
12
Let m(k) = -6*k**2 + 3*k - 8. Let n(j) = -j**2 - j. Let t(q) = -m(q) + 5*n(q). Suppose 7*y - 6*y - 8 = 0. Let p be (45/(-60))/((-1)/y). Determine t(p).
-4
Suppose 12*v - 35*v = -46. Let q(b) = 17 - 23 - 8*b + 10*b**2 + 2*b - 11*b**v. Give q(-5).
-1
Let m be 11 - 6/12*12. Let v(n) = -n**2 - n - 2. Let g(q) = -6*q**2 - 5*q - 11. Let t(d) = m*v(d) - g(d). Calculate t(-1).
2
Let j(v) = v - v + 3*v + 0*v - 17. Suppose -37*u - 28*u + 343 = -16*u. Determine j(u).
4
Let k be 42/63*(-6 - -3).